(-3)/u - (-784)/10. Suppose 3*z + 510 = 5*j, 2*j - j + 4*z - q = 0. Calculate the greatest common factor of j and 9.
9
Let v(n) = -4*n - 29. Let k(x) = -5*x - 28. Let t(j) = 5*k(j) - 6*v(j). Let y be t(8). What is the highest common factor of 104 and y?
26
Let z = -14 + 20. Suppose -3*i + 253 = -x, 4*i + 4*x = z*i - 172. Let n = 5 + 7. Calculate the highest common divisor of n and i.
12
Let k(b) be the third derivative of b**6/120 - 7*b**5/60 + b**4/24 + 4*b**3/3 + 6*b**2. Let d be k(7). What is the highest common factor of d and 30?
15
Suppose -4348 = -32*q + 20292. Calculate the greatest common factor of q and 10.
10
Let w(l) = 113*l**3 - l**2 + l - 1. Let n be w(1). Suppose 32*y = 268 + 244. Calculate the greatest common factor of y and n.
16
Let z be (5 + -4)/(2/58). Let m be (-1 + z - 1)*(13 - 2). What is the greatest common factor of m and 27?
27
Let d be 5/(25/70) + -1. Calculate the greatest common factor of 247 and d.
13
Let m(f) = -f**2 - 20*f + 26. Let y be m(-11). Suppose -7*k + y = -22. What is the highest common factor of 168 and k?
21
Let z = 86 + -77. Calculate the greatest common divisor of 279 and z.
9
Suppose -5*d = 5*b - 178 + 63, 2*b - 5*d - 25 = 0. Let k = 148 - 28. What is the highest common divisor of b and k?
20
Let h(z) = 2*z**2 - 7*z + 23. Let c be h(7). What is the greatest common divisor of c and 360?
72
Let p = -279 + 441. Suppose 7*x - 4*x = p. Calculate the greatest common divisor of x and 36.
18
Let b(k) = -6*k + 194. Let n be b(17). Calculate the highest common factor of 115 and n.
23
Let o(d) = 2*d + 10. Let v be o(-6). Suppose -3*t + 54 = -3*a, t + 5*a - 6 = -0. Let i = v + t. Calculate the greatest common divisor of 21 and i.
7
Let n(t) = t**3 - 5*t**2 - 17*t + 24. Let l be n(7). Let c = -2 - -17. Let k = 21 - c. What is the highest common divisor of k and l?
3
Suppose -10*x = -12*x - 44. Let o(f) = -f**2 - 29*f - 28. Let d be o(x). Calculate the greatest common divisor of 84 and d.
42
Let n(c) be the third derivative of c**5/60 - 11*c**4/24 - 5*c**3/6 - 5*c**2. Let h be n(12). Calculate the greatest common divisor of h and 35.
7
Suppose 5*n = -q, -7*n + 4*n - 3 = 0. Suppose -3*l = -q*k - 91, -2*k + 4*k + 3*l + 28 = 0. Let y = k - -37. Calculate the highest common factor of 5 and y.
5
Let w(n) = 1 - n**3 + n**2 - 9*n**2 - 5*n - 9. Let r be (-1 - 2)/(6*(-5)/(-80)). Let a be w(r). Calculate the greatest common divisor of 48 and a.
16
Suppose 0 = -5*n - 6*i + 3*i + 1485, -2*i - 1510 = -5*n. Calculate the greatest common factor of n and 12.
12
Let b = 71 + 11. Suppose 4*a + 5*z - 27 - 56 = 0, 5*a = z + b. What is the greatest common divisor of a and 136?
17
Let g be (-2 - -1)/1 + 27. Let v(y) = y**3 + 9*y**2 - 6*y + 5. Let t be v(-8). Suppose -23*c = -20*c - t. What is the highest common factor of g and c?
13
Suppose -6*m + 3*m = -15. Suppose -m*b + 9 - 79 = -5*j, 0 = 2*j + b - 40. Let y be (15*-1*3)/(-1). What is the greatest common factor of j and y?
9
Suppose -8*u + 10*u = 10. Suppose 0 = -4*p - m + 11, u*m = 3*p - 0*m - 37. Let z = -9 + 15. Calculate the greatest common divisor of p and z.
2
Let m = 1344 - 1304. What is the highest common factor of 310 and m?
10
Suppose -4*a = 8, b + 4*b - 2*a = 119. What is the highest common divisor of 1265 and b?
23
Let s = 186 - 150. Calculate the highest common divisor of s and 288.
36
Let d(c) = 119*c - 96. Let o be d(3). What is the greatest common divisor of o and 27?
9
Let f be (0 + 6/(-4))/((-38)/8436). Calculate the highest common divisor of f and 74.
37
Let m(o) = o**3 - o**2 - 4*o - 1. Let i be m(3). Suppose 153 = 2*w + 2*c - 75, -i*w + c + 546 = 0. Calculate the highest common factor of w and 44.
22
Let f(x) = -3*x + 104. Let g be f(24). Calculate the highest common factor of 224 and g.
32
Let l(b) = -b**2 - 9*b - 16. Let m be l(-5). Let k be 6/m + (38/4 - 1). Calculate the greatest common factor of k and 2.
2
Let l = 186 - 165. What is the greatest common divisor of 2247 and l?
21
Suppose -4*c + 28 = -12. Suppose -5 = -v, -3*v - c = 3*t - 28. Let u = -312 - -321. Calculate the greatest common divisor of u and t.
1
Let p = 335 - 174. Calculate the greatest common factor of p and 23.
23
Let w(x) = -x**3 + 8*x**2 - 27. Let k be w(6). Calculate the highest common factor of 15 and k.
15
Suppose -4*b + 212 = 4*a, 5*b + a = 5*a + 220. Calculate the greatest common factor of 6 and b.
6
Let a be -4*(-6)/24 - (1 - -259). Let n = -184 - a. What is the highest common factor of n and 30?
15
Let d(a) = a**2 - 2*a - 4. Let i be d(4). Suppose 3*j - 65 = -2*t, 33 = -i*t - 5*j + 168. What is the greatest common divisor of t and 8?
8
Suppose 6*x = 3*x + 6. Suppose x*o + 399 = 5*o. Let l be 452/24 + (-3)/72*-4. What is the highest common factor of l and o?
19
Let k = 46 - 52. Let a = k - -126. Calculate the greatest common divisor of 40 and a.
40
Suppose 15 = -3*w, -w = -5*t - 4*w - 15. Suppose 2*i - 18 = 2*x - 6, 3*x = t. What is the greatest common factor of i and 12?
6
Let x be 0/2 + (34 - -1). Suppose 3*j = 4*j. Suppose -22 = -3*q + 4*h, -h + 5 + j = 0. Calculate the greatest common factor of q and x.
7
Let k = -16 + 18. Suppose 2*l = 2*o + 180, -k*o - o = l - 82. Let f be (l/10)/((-8)/(-20)). What is the greatest common divisor of 55 and f?
11
Suppose -4*j - 26 = -87 - 187. Let s be 92 - (1*-1 - 0). What is the highest common divisor of j and s?
31
Suppose 70 = -57*r + 64*r. Let x(u) = -u + 2. Let b be x(-2). Calculate the highest common divisor of b and r.
2
Let y be (4 + -6 - 3) + 25. What is the highest common divisor of 140 and y?
20
Let j(i) = 4*i**2 - 4*i - 40. Let m be j(5). Let p be (21/6 - 1)*4. Calculate the greatest common divisor of m and p.
10
Let l be ((-108)/48)/(-3*4/208). Let v(k) = k**3 + 7*k**2 + 5*k - 2. Let j be v(-4). What is the greatest common divisor of j and l?
13
Let l(r) = -r**2 + 11*r + 15. Let h be l(12). Suppose -2 = -h*q + 34. Calculate the greatest common factor of 4 and q.
4
Let r be 1/(4/120*-3). Let w(l) = -9*l + 22. Let p be w(r). What is the highest common factor of p and 28?
28
Suppose -5*k = 2*n + 51, 2*n + 3 = n. Let a be (3/k + 230/15)/1. Let z be (-1)/(-2) - (-9)/2. What is the highest common factor of z and a?
5
Let i(j) = -j - 1. Let w be i(-5). Let l be (-238)/(-5) - w/(-10). What is the highest common factor of 24 and l?
24
Let c(i) = -7*i - 103. Let s be c(-16). What is the greatest common factor of s and 33?
3
Let h(d) = 36*d**2 - d - 4. Let z be h(3). Let s be (-4 + 0 - -7) + z. Calculate the greatest common divisor of s and 40.
40
Let n = 60 - -51. Let k be (-2 + -4 + 1)*(-24)/60. Suppose 17 + n = k*w. What is the greatest common factor of w and 16?
16
Let c(l) = l**2 - 8*l - 5. Let r be c(9). Let s be -8 + 5 + 1 + r. Suppose -3*u = s*u - 1320. What is the greatest common divisor of u and 24?
24
Suppose -q + 3 = -5*j, 5*q - 8 = 2*j + 7. Suppose -q*v + 390 = -0*v. Suppose -4*o = 3*m + o - v, 4*o = 8. What is the highest common factor of m and 5?
5
Let q(v) = v**2 + 3*v + 5. Let i be q(5). Let y(s) = 6*s - 7. Suppose -3*o + 12 = 3*o. Let w be y(o). What is the highest common divisor of i and w?
5
Let t be ((-68)/(-8) + -2)*4. Let z be (1 - 29)*(-13)/t. Calculate the highest common factor of 7 and z.
7
Let y = -683 - -698. Let b(w) = 6*w**2 - w + 1. Let u be b(1). What is the highest common divisor of u and y?
3
Let g be -23 + 18 - (-375)/1. Suppose -3*p = -x - 358, -3*p = 6*x - x - g. What is the greatest common divisor of p and 24?
24
Let c(v) = 4*v**2 + 10*v + 121. Let o be c(-11). What is the greatest common factor of 135 and o?
45
Suppose 2*w = 5*p - 4*p + 20, -w - 15 = 2*p. Let n = p - -21. What is the greatest common divisor of 11 and n?
11
Let l = 446 - 444. What is the greatest common factor of 62 and l?
2
Let j = 617 + -417. What is the greatest common divisor of j and 160?
40
Let i be 6/(-3)*-1 + 3. Let x(b) = -b**3 + 5*b**2 + 6*b + 7. Let f be x(i). Let s = 5 + f. Calculate the greatest common factor of 28 and s.
14
Let c be (-210*2)/(4/6*-1). What is the greatest common factor of c and 70?
70
Suppose 15 = -t + 55. Let w = 36 - 58. Let v = w + t. Calculate the greatest common factor of v and 18.
18
Let p(s) = s**2 - 3*s + 23. Let z be p(-13). Let u = -133 + z. What is the greatest common factor of 14 and u?
14